08 and 496.
124
What is the greatest common divisor of 64 and 16064?
64
What is the greatest common factor of 51 and 663?
51
What is the greatest common divisor of 16452 and 72?
36
What is the greatest common divisor of 583 and 55?
11
What is the greatest common divisor of 132 and 176?
44
Calculate the greatest common divisor of 30 and 810.
30
What is the highest common factor of 30 and 75?
15
Calculate the highest common factor of 24 and 15.
3
Calculate the greatest common divisor of 2288 and 72.
8
What is the highest common factor of 55 and 10505?
55
Calculate the highest common factor of 2132 and 492.
164
What is the greatest common divisor of 35736 and 120?
24
What is the highest common factor of 208 and 598?
26
Calculate the greatest common divisor of 187 and 10846.
187
What is the highest common divisor of 437 and 276?
23
What is the highest common divisor of 80 and 130?
10
What is the greatest common divisor of 159 and 12349?
53
What is the highest common factor of 132 and 627?
33
What is the highest common divisor of 7 and 777?
7
What is the highest common factor of 16 and 21320?
8
What is the highest common divisor of 7 and 749?
7
What is the greatest common divisor of 198 and 44?
22
Calculate the greatest common divisor of 18 and 5496.
6
What is the highest common divisor of 434 and 62?
62
Calculate the greatest common divisor of 25 and 5.
5
Calculate the greatest common factor of 25 and 100.
25
Calculate the greatest common factor of 117 and 882.
9
What is the highest common divisor of 441 and 245?
49
Calculate the highest common divisor of 3457 and 1.
1
What is the highest common divisor of 594 and 352?
22
What is the highest common divisor of 1517 and 37?
37
Calculate the greatest common divisor of 75 and 1150.
25
Calculate the greatest common divisor of 286 and 1378.
26
Calculate the highest common factor of 5005 and 260.
65
Calculate the greatest common factor of 99 and 22.
11
What is the greatest common factor of 30 and 615?
15
What is the highest common divisor of 72 and 936?
72
What is the greatest common divisor of 15 and 120?
15
What is the highest common divisor of 357 and 21?
21
Calculate the greatest common factor of 198 and 3498.
66
Calculate the greatest common factor of 25 and 1600.
25
Calculate the highest common divisor of 39 and 858.
39
Calculate the greatest common factor of 81 and 75.
3
What is the highest common divisor of 810 and 1170?
90
What is the greatest common factor of 552 and 24?
24
What is the highest common factor of 115 and 184?
23
What is the highest common factor of 3102 and 11?
11
What is the greatest common divisor of 208 and 1521?
13
Calculate the highest common factor of 60 and 31500.
60
Calculate the greatest common factor of 9 and 657.
9
Calculate the highest common factor of 32 and 1024.
32
Calculate the highest common factor of 1278 and 142.
142
What is the highest common factor of 899 and 377?
29
Calculate the highest common factor of 506 and 1408.
22
Calculate the greatest common factor of 1173 and 9.
3
What is the greatest common factor of 136 and 1156?
68
What is the highest common divisor of 1160 and 180?
20
Calculate the highest common divisor of 15478 and 568.
142
Calculate the highest common factor of 3792 and 48.
48
Calculate the highest common divisor of 85 and 17.
17
Calculate the greatest common divisor of 442 and 494.
26
What is the highest common factor of 43 and 817?
43
What is the highest common factor of 9 and 63?
9
What is the greatest common divisor of 1840 and 80?
80
What is the highest common divisor of 2428 and 8?
4
What is the highest common factor of 56 and 280?
56
What is the greatest common divisor of 13086 and 18?
18
What is the greatest common factor of 259 and 14?
7
Calculate the greatest common factor of 1120 and 200.
40
What is the highest common factor of 387 and 43?
43
What is the highest common divisor of 88 and 22?
22
Calculate the highest common factor of 1269 and 27.
27
What is the highest common factor of 82 and 40918?
82
What is the greatest common factor of 9402 and 6?
6
What is the highest common factor of 570 and 105?
15
What is the highest common factor of 90 and 1770?
30
What is the greatest common factor of 33 and 453?
3
Calculate the highest common divisor of 306 and 54.
18
What is the highest common factor of 931 and 19?
19
What is the greatest common divisor of 1456 and 91?
91
What is the greatest common divisor of 13543 and 29?
29
Calculate the highest common factor of 817 and 19.
19
Calculate the highest common factor of 1080 and 225.
45
Calculate the greatest common factor of 7 and 119.
7
What is the highest common divisor of 581 and 42?
7
Calculate the greatest common divisor of 81 and 12.
3
Calculate the greatest common factor of 5968 and 16.
16
What is the highest common divisor of 1991 and 11?
11
Calculate the highest common divisor of 363 and 3.
3
Calculate the greatest common divisor of 5 and 2735.
5
What is the greatest common divisor of 18 and 7992?
18
What is the highest common factor of 117 and 975?
39
What is the greatest common factor of 1444 and 16?
4
What is the highest common divisor of 12 and 21?
3
What is the highest common divisor of 1248 and 234?
78
What is the highest common factor of 12 and 339?
3
Calculate the highest common factor of 3572 and 57.
19
What is the greatest common factor of 4 and 242?
2
Calculate the greatest common divisor of 9 and 279.
9
Calculate the highest common factor of 568 and 16.
8
Calculate the greatest common factor of 2958 and 238.
34
What is the highest common factor of 3132 and 432?
108
Calculate the highest common factor of 32 and 5408.
32
What is the highest common divisor of 16 and 45328?
16
What is the highest common factor of 1159 and 183?
61
Calculate the highest common divisor of 182 and 770.
14
What is the greatest common divisor of 336 and 23296?
112
What is the greatest common factor of 123 and 123?
123
What is the highest common factor of 856 and 8?
8
What is the highest common divisor of 243 and 459?
27
What is the highest common factor of 53 and 3392?
53
Calculate the greatest common divisor of 43 and 559.
43
What is the greatest common divisor of 3136 and 49?
49
What is the highest common factor of 177 and 590?
59
What is the greatest common factor of 48 and 248?
8
Calculate the highest common divisor of 100 and 200.
100
What is the greatest common divisor of 165 and 132?
33
What is the highest common factor of 204 and 51?
51
What is the highest common factor of 44 and 376?
4
Calculate the greatest common divisor of 237 and 158.
79
Calculate the greatest common factor of 28 and 518.
14
What is the highest common factor of 1708 and 252?
28
What is the highest common divisor of 40 and 590?
10
Calculate the highest common divisor of 6 and 6738.
6
Calculate the greatest common divisor of 304 and 19.
19
What is the highest common divisor of 580 and 36250?
290
What is the greatest common factor of 18 and 261?
9
What is the highest common factor of 528 and 1716?
132
Calculate the greatest common divisor of 182 and 14.
14
Calculate the highest common factor of 285 and 19.
19
Calculate the greatest common divisor of 248 and 775.
31
Calculate the greatest common factor of 10 and 830.
10
Calculate the greatest common factor of 148 and 344.
4
Calculate the greatest common factor of 1944 and 24.
24
What is the greatest common factor of 135 and 27?
27
Calculate the greatest common factor of 26 and 806.
26
Calculate the greatest common divisor of 95 and 20.
5
Calculate the highest common divisor of 5564 and 520.
52
Calculate the highest common factor of 175 and 105.
35
Calculate the greatest common factor of 63 and 225.
9
What is the greatest common divisor of 65 and 39?
13
Calculate the greatest common divisor of 54 and 2.
2
Calculate the highest common factor of 330 and 32670.
330
Calculate the highest common factor of 30 and 4314.
6
What is the greatest common divisor of 51 and 187?
17
What is the greatest common factor of 875 and 1120?
35
Calculate the highest common factor of 135 and 3420.
45
What is the highest common factor of 14 and 56?
14
What is the highest common divisor of 656 and 16?
16
Calculate the greatest common divisor of 1891 and 31.
31
Calculate the greatest common f